{"version":"1.0","provider_name":"Plazara","provider_url":"https:\/\/plazara.eus\/fr\/","author_name":"admin","author_url":"https:\/\/plazara.eus\/fr\/author\/davidsoroheta_2jupt0jj\/","title":"Un partenariat pour l\u2019avenir des langues &#8226; Plazara","type":"rich","width":600,"height":338,"html":"<blockquote class=\"wp-embedded-content\" data-secret=\"8nURdNPTti\"><a href=\"https:\/\/plazara.eus\/fr\/un-partenariat-pour-lavenir-des-langues-2\/\">Un partenariat pour l\u2019avenir des langues<\/a><\/blockquote><iframe sandbox=\"allow-scripts\" security=\"restricted\" src=\"https:\/\/plazara.eus\/fr\/un-partenariat-pour-lavenir-des-langues-2\/embed\/#?secret=8nURdNPTti\" width=\"600\" height=\"338\" title=\"\u00ab\u00a0Un partenariat pour l\u2019avenir des langues\u00a0\u00bb &#8212; Plazara\" data-secret=\"8nURdNPTti\" frameborder=\"0\" marginwidth=\"0\" marginheight=\"0\" scrolling=\"no\" class=\"wp-embedded-content\"><\/iframe><script>\n\/*! This file is auto-generated *\/\n!function(d,l){\"use strict\";l.querySelector&&d.addEventListener&&\"undefined\"!=typeof URL&&(d.wp=d.wp||{},d.wp.receiveEmbedMessage||(d.wp.receiveEmbedMessage=function(e){var t=e.data;if((t||t.secret||t.message||t.value)&&!\/[^a-zA-Z0-9]\/.test(t.secret)){for(var s,r,n,a=l.querySelectorAll('iframe[data-secret=\"'+t.secret+'\"]'),o=l.querySelectorAll('blockquote[data-secret=\"'+t.secret+'\"]'),c=new RegExp(\"^https?:$\",\"i\"),i=0;i<o.length;i++)o[i].style.display=\"none\";for(i=0;i<a.length;i++)s=a[i],e.source===s.contentWindow&&(s.removeAttribute(\"style\"),\"height\"===t.message?(1e3<(r=parseInt(t.value,10))?r=1e3:~~r<200&&(r=200),s.height=r):\"link\"===t.message&&(r=new URL(s.getAttribute(\"src\")),n=new URL(t.value),c.test(n.protocol))&&n.host===r.host&&l.activeElement===s&&(d.top.location.href=t.value))}},d.addEventListener(\"message\",d.wp.receiveEmbedMessage,!1),l.addEventListener(\"DOMContentLoaded\",function(){for(var e,t,s=l.querySelectorAll(\"iframe.wp-embedded-content\"),r=0;r<s.length;r++)(t=(e=s[r]).getAttribute(\"data-secret\"))||(t=Math.random().toString(36).substring(2,12),e.src+=\"#?secret=\"+t,e.setAttribute(\"data-secret\",t)),e.contentWindow.postMessage({message:\"ready\",secret:t},\"*\")},!1)))}(window,document);\n\/\/# sourceURL=https:\/\/plazara.eus\/wp-includes\/js\/wp-embed.min.js\n<\/script>\n","thumbnail_url":"https:\/\/plazara.eus\/wp-content\/uploads\/2024\/10\/plazara-garabide29.jpg","thumbnail_width":2000,"thumbnail_height":1337,"description":"En cette rentr\u00e9e 2024, nous avons profit\u00e9 de la pr\u00e9sence de 18 activistes linguistiques internationaux pour signer un partenariat avec l\u2019association Garabide, et ainsi renforcer le projet qui lie nos deux structures : la coop\u00e9ration linguistique \u00e0 travers le monde. L\u2019avenir de l\u2019euskara est \u00e9troitement li\u00e9 \u00e0 celui de beaucoup d\u2019autres langues, et nous sommes [&hellip;]"}

En cette rentrée 2024, nous avons profité de la présence de 18 activistes linguistiques internationaux pour signer un partenariat avec l’association Garabide, et ainsi renforcer le projet qui lie nos deux structures : la coopération linguistique à travers le monde. L’avenir de l’euskara est étroitement lié à celui de beaucoup d’autres langues, et nous sommes [&hellip;]
